. Let t be n(s). What is the highest common factor of t and 49?
7
Let i be 15 - (4 - 1/((-4)/(-12))). Calculate the greatest common factor of i and 28.
14
Let s(p) = -2*p**3 - 2*p**2 - 2*p - 3. Let l be s(-2). Suppose 0 = 3*n - l - 27. Suppose n = 8*v - 4*v. What is the greatest common factor of v and 12?
3
Suppose 0 = -5*k + x + 385, -3*x = -6*x - 15. What is the greatest common factor of 19 and k?
19
Let g(q) = -q**2 - q + 1. Let z be g(-2). Let y be ((-600)/(-9))/(z/(-3)). Let h = 360 - y. What is the greatest common divisor of 20 and h?
20
Let o = -39 - -47. Calculate the highest common factor of 72 and o.
8
Let b be (-8 + 6)*13/(-2). What is the greatest common divisor of 52 and b?
13
Suppose 7*f - 60 = 2*f. Calculate the greatest common divisor of 96 and f.
12
Let h be 9/(-2)*110/(-15). What is the greatest common divisor of 22 and h?
11
Suppose 4 = 2*a - 28. Suppose 4*n + a = 8*n. Let i(j) = -j**2 + 8*j - 4. Let x be i(n). Calculate the greatest common factor of x and 48.
12
Let v(p) = -p**2 + 7*p + 10. Suppose 2*y - 8 - 6 = 0. Let m be v(y). Calculate the greatest common divisor of 50 and m.
10
Suppose x - 310 = -106. Suppose 5*z = -4*s + x, -z + 4*s + 35 = -s. Let l = 49 - 29. Calculate the greatest common factor of l and z.
20
Let s be 3 + -1 + (-86)/(-2). What is the greatest common factor of s and 5?
5
Suppose -c = 4*c. Suppose 4*f + 0*w - w - 45 = c, 2*w - 18 = -f. Suppose -2*p + z = 6*z - 36, 5*z = 0. Calculate the greatest common factor of p and f.
6
Suppose 66 = 516*z - 513*z. Calculate the highest common divisor of 33 and z.
11
Suppose -9*v = -2*v - 140. What is the highest common factor of 2 and v?
2
Let j = -31 + 47. What is the highest common divisor of j and 144?
16
Let z be 14/1 + -1 + -1. Let h be (-2)/(51/18 - 3). Let c be 6/2*32/h. Calculate the greatest common divisor of z and c.
4
Suppose 0 = i - 4*i. Let t(k) = -k + 20. Let g be t(i). Calculate the greatest common factor of g and 80.
20
Let r = -2 + 6. Let y be r*((-6)/3)/(-4). Suppose -4*t + 3*q = -28, 12 = 3*t - q - 4. Calculate the greatest common factor of y and t.
2
Suppose 4*m - x = -0*x + 162, 4*x = m - 48. Suppose 4*u - m = -u. Calculate the highest common factor of 8 and u.
8
Let y = -4 + 3. Let t = 15 + y. Calculate the greatest common factor of 14 and t.
14
Suppose -8*v = -38 - 34. Calculate the greatest common factor of 36 and v.
9
Let u(n) = 4*n + 2. Let z be u(-2). Let d be (-28)/z*108/9. What is the greatest common factor of d and 7?
7
Let i be 96/7 + 16/56. Let r be -1 - -1 - -4 - 1. Let o be r/(-9) + 43/3. What is the highest common divisor of o and i?
14
Let v be 3/((-2)/(10/(-3))). Let s be -1 + v - (2 + -4). Suppose -9 = p - 63. Calculate the greatest common divisor of s and p.
6
Let j(a) = -a**2 + 8*a + 15. Let i be j(7). What is the highest common divisor of 11 and i?
11
Suppose -3*g + 47 = -31. What is the greatest common divisor of g and 13?
13
Suppose -5 = -3*m + 1. Suppose -3*x = -x + m. Let v(i) = 7*i**2. Let z be v(x). What is the greatest common factor of z and 28?
7
Let g be ((-4)/10)/(5/(-50)). Let f = -7 + g. Let m = 11 - f. Calculate the highest common factor of 21 and m.
7
Let d be ((-45)/(-12))/(6/64). Let r be (1 + -1)*3/(-6). Suppose r = -2*a - 3*a + 100. What is the greatest common divisor of a and d?
20
Let g be (0/(-2) - -54) + -3. What is the greatest common factor of g and 17?
17
Suppose c + 5*x = -13, -5*c + x - 12 + 77 = 0. Let y be (-2)/8 - (-15)/c. Let l be (-1*3 + y)*-2. What is the greatest common divisor of l and 1?
1
Let v(w) = -w**2 + 11*w - 4. Let i be v(10). Suppose -2*p = -0*p - i. Suppose -3*c + 6*c - 3 = 0. Calculate the greatest common divisor of p and c.
1
Suppose 3*y - u - 2*u = 60, -3*y - 5*u = -28. What is the greatest common factor of 4 and y?
4
Let k = 599 - 319. Calculate the greatest common factor of 35 and k.
35
Suppose 1 = -2*r - 7. Let d be -14*(-9 - r - 0). What is the greatest common divisor of 10 and d?
10
Suppose -255 = -5*g - 0*g. What is the greatest common factor of 34 and g?
17
Let a be (-1 - -2) + (-8)/(-4). What is the greatest common factor of a and 15?
3
Let n be 5/((-100)/(-85))*4. What is the highest common divisor of 136 and n?
17
Let x be ((-5)/(-3) + -2)*-6. Let k be -58*((-5)/x)/1. Let m = k - 89. What is the highest common factor of 8 and m?
8
Suppose 4*d - 18 = 2*q, 2*q + 22 = -2*d + 4. Let j = 15 + q. Calculate the greatest common divisor of j and 30.
6
Suppose 2*o = -3*o + 60. What is the highest common factor of 132 and o?
12
Let m be 2/4 + (-12)/(-8). Let v be 4 + m/(-2) + -2. What is the highest common factor of 7 and v?
1
Suppose 0*n = n - w - 138, 2*w - 10 = 0. Let t(u) = 14*u - 1. Let k be t(1). What is the highest common divisor of k and n?
13
Let c(x) = x**2 + 11*x + 20. Let j be c(-9). Suppose j*z + 79 - 27 = 5*w, -51 = -5*w + z. Calculate the highest common divisor of 2 and w.
2
Let a = -2 - -2. Suppose a = p + 1 - 20. Let f be 92 + 3/6*6. Calculate the greatest common divisor of f and p.
19
Let o(l) = -l**2 - 3*l + 4. Let a be o(-3). Suppose 5*f - 5*p = 90, 5*f + 27 = -a*p + 99. What is the highest common divisor of 2 and f?
2
Let h = 9 - -18. What is the highest common factor of 3 and h?
3
Let p(q) = 14*q - 3. Let l be 29/5 + 7/35. Let g be p(l). What is the highest common divisor of g and 9?
9
Suppose -4*p + 5*m - 7 + 42 = 0, p - 3*m = 14. Let t(x) = 2*x. Let c be t(p). What is the highest common factor of 5 and c?
5
Let j(o) = -2*o**2 - 4*o + 4. Let g be j(-5). Let q = -58 - -40. Let k = q - g. Calculate the highest common factor of k and 56.
8
Let t be ((-8)/(-10))/(1/5). Let v be -3*t/6 - -5. Let r = 16 + 14. Calculate the greatest common divisor of v and r.
3
Let h(t) = t**3 - 6*t**2 + 5. Let f be h(6). Let g be (-16)/(-40) + 38/f. What is the highest common factor of g and 20?
4
Let m(u) = -13*u - 4. Let p be m(-4). Suppose 0*s + p = 3*s. Calculate the highest common factor of s and 144.
16
Let u be 51*((-16)/(-2) - 1). Suppose 0*a - u = -3*a. Suppose 43 = 4*j + 5*t, -3*j - 3*t = -6*j + 66. Calculate the highest common divisor of j and a.
17
Let i be 2/(-4) + 539/14. Calculate the highest common factor of i and 95.
19
Let s be -1 + -1 + 19 + 0. Let d be (-11 - -2)/(1/(-17)). Calculate the greatest common factor of d and s.
17
Let q(t) = t - 4. Let r be q(3). Let j be (-1 - (1 - 1))*r. Let g be 1 + (-2 - -1) + j. What is the highest common factor of 2 and g?
1
Let f be 1/(-2)*2*-8. Calculate the greatest common divisor of f and 4.
4
Let x = 13 - 3. Suppose 0 = 5*i + 4*q + 5, 0 = -q + 3 + 2. Let d = -1 - i. What is the greatest common factor of d and x?
2
Let r(q) = 74*q + 6. Let l be r(4). Let b be 1 - l/(-4)*2. Let c(v) = -6*v + 1. Let f be c(-3). Calculate the greatest common factor of f and b.
19
Let w(k) = k**3 - k**2 + k + 1. Let f be w(3). Suppose j + 9 = -2*j, 5*i + 3*j = -64. Let n = f + i. Calculate the highest common divisor of n and 33.
11
Let d(z) = z**3 + 23*z**2 - z - 8. Let f be d(-23). Calculate the greatest common divisor of f and 30.
15
Let p be -4 + 4 + -2 - -3. Let l = -2 - p. Let i = l + 17. What is the highest common divisor of 42 and i?
14
Suppose 2*l + 1 = 7. Suppose -l*n = -n - 4. Suppose 2*m = 3*y - 64, -n*y + 4*m + 27 + 29 = 0. What is the greatest common factor of 18 and y?
18
Let m(k) = 3*k - 6*k + 2*k. Let i be m(-4). Suppose -x - i*x = -60. Calculate the greatest common divisor of 24 and x.
12
Let g be (-3384)/(-22) + (-22)/(-121). Let s = -16 - -4. Let i = s - -26. What is the highest common divisor of g and i?
14
Let z be 12 - -3*(-8)/(-12). What is the highest common factor of 21 and z?
7
Suppose -5*c + 27 = y - c, y - 2 = c. What is the greatest common divisor of y and 21?
7
Let t(q) = 7*q - 61. Let y be t(15). Calculate the greatest common factor of y and 132.
44
Suppose -2100 = -5*j + 4*k, j - k - 420 = 4*k. What is the greatest common factor of 42 and j?
42
Let l be (-8)/(-36) - (-716)/18. Calculate the greatest common factor of 20 and l.
20
Suppose -3*z + 277 = -53. What is the highest common divisor of z and 11?
11
Let a(v) = -v**2 + 2*v + 38. Let j be a(0). What is the greatest common divisor of j and 57?
19
Let q(t) = -41*t**2. Let h be q(1). Let m = -28 - h. Let u = 219 - 76. Calculate the highest common factor of